{"id":31,"date":"2025-09-03T08:28:44","date_gmt":"2025-09-03T08:28:44","guid":{"rendered":"https:\/\/flexora.vamtam.com\/?page_id=31"},"modified":"2026-04-08T11:36:14","modified_gmt":"2026-04-08T11:36:14","slug":"nesa-gijon","status":"publish","type":"page","link":"https:\/\/cranky-zhukovsky.91-134-70-247.plesk.page\/index.php\/servicios\/nesa-gijon\/","title":{"rendered":"Nesa"},"content":{"rendered":"\t\t<div data-elementor-type=\"wp-page\" data-elementor-id=\"31\" class=\"elementor elementor-31\" data-elementor-post-type=\"page\">\n\t\t\t\t<div class=\"elementor-element elementor-element-1827448d e-flex e-con-boxed e-con e-parent\" data-id=\"1827448d\" data-element_type=\"container\" data-e-type=\"container\">\n\t\t\t\t\t<div class=\"e-con-inner\">\n\t\t\t\t<div class=\"vamtam-has-theme-widget-styles elementor-element elementor-element-84fb6c4 elementor-widget elementor-widget-text-editor\" data-id=\"84fb6c4\" data-element_type=\"widget\" data-e-type=\"widget\" data-widget_type=\"text-editor.default\">\n\t\t\t\t<div class=\"elementor-widget-container\">\n\t\t\t\t\t\t\t\t\t<p>T\u00e9cnica no invasiva que act\u00faa sobre el sistema nervioso para aliviar el dolor y mejorar el funcionamiento del organismo.<\/p>\t\t\t\t\t\t\t\t<\/div>\n\t\t\t\t<\/div>\n\t\t\t\t<div class=\"vamtam-has-theme-widget-styles elementor-element elementor-element-3e946869 elementor-widget elementor-widget-text-editor\" data-id=\"3e946869\" data-element_type=\"widget\" data-e-type=\"widget\" data-widget_type=\"text-editor.default\">\n\t\t\t\t<div class=\"elementor-widget-container\">\n\t\t\t\t\t\t\t\t\t<p><strong>Nesa<\/strong>\u00a0o neuromodulaci\u00f3n no invasiva es un sistema que nos ayuda a intervenir directamente sobre el sistema nervioso, central y perif\u00e9rico, con el fin de estimular los procesos de neurotransmisi\u00f3n (transmisi\u00f3n de informaci\u00f3n entre neuronas) cunado los neurotransmisores no son suficientes o trabajan de manera ineficiente.<\/p>\t\t\t\t\t\t\t\t<\/div>\n\t\t\t\t<\/div>\n\t\t\t\t<div class=\"elementor-element elementor-element-cbbbd1e elementor-widget elementor-widget-video\" data-id=\"cbbbd1e\" data-element_type=\"widget\" data-e-type=\"widget\" data-settings=\"{&quot;youtube_url&quot;:&quot;https:\\\/\\\/youtu.be\\\/V9GhSkWM-kI?si=HgglSGDg_9qqSuL7&quot;,&quot;show_image_overlay&quot;:&quot;yes&quot;,&quot;image_overlay&quot;:{&quot;url&quot;:&quot;https:\\\/\\\/cranky-zhukovsky.91-134-70-247.plesk.page\\\/wp-content\\\/uploads\\\/2026\\\/03\\\/video-nesa.jpg&quot;,&quot;id&quot;:987984,&quot;size&quot;:&quot;&quot;,&quot;alt&quot;:&quot;nesa&quot;,&quot;source&quot;:&quot;library&quot;},&quot;video_type&quot;:&quot;youtube&quot;}\" data-widget_type=\"video.default\">\n\t\t\t\t<div class=\"elementor-widget-container\">\n\t\t\t\t\t\t\t<div class=\"elementor-wrapper elementor-open-inline\">\n\t\t\t<div class=\"elementor-video\"><\/div>\t\t\t\t<div class=\"elementor-custom-embed-image-overlay\" style=\"background-image: url(https:\/\/cranky-zhukovsky.91-134-70-247.plesk.page\/wp-content\/uploads\/2026\/03\/video-nesa.jpg);\">\n\t\t\t\t\t\t\t\t\t\t\t\t\t\t\t\t<div class=\"elementor-custom-embed-play\" role=\"button\" aria-label=\"Reproducir video acerca de nesa\" tabindex=\"0\">\n\t\t\t\t\t\t\t<i aria-hidden=\"true\" class=\"eicon-play\"><\/i>\t\t\t\t\t\t<\/div>\n\t\t\t\t\t\t\t\t\t<\/div>\n\t\t\t\t\t<\/div>\n\t\t\t\t\t\t<\/div>\n\t\t\t\t<\/div>\n\t\t\t\t<div class=\"vamtam-has-theme-widget-styles elementor-element elementor-element-8d883a1 elementor-widget elementor-widget-text-editor\" data-id=\"8d883a1\" data-element_type=\"widget\" data-e-type=\"widget\" data-widget_type=\"text-editor.default\">\n\t\t\t\t<div class=\"elementor-widget-container\">\n\t\t\t\t\t\t\t\t\t<p>No es un tratamiento nuevo, la neuromodulaci\u00f3n es el fruto de la b\u00fasqueda continua de cient\u00edficos que buscan c\u00f3mo la estimulaci\u00f3n de la neurotransmisi\u00f3n puede mejorar la salud de las personas y con ellas, su estilo de vida.<\/p><div class=\"row\"><div class=\"col-lg-6\"><div class=\"texto-col-right\"><p>El principal uso de la neuromodulaci\u00f3n es la remisi\u00f3n de dolor.<\/p><p>Puede ser el dolor de una lesi\u00f3n, de una neuropat\u00eda diab\u00e9tica o perif\u00e9rica, dolor tor\u00e1cico cr\u00f3nico (angina), etc.<\/p><p>Pero los \u00faltimos avances han demostrado que tambi\u00e9n ayuda a aumentar la capacidad cognitiva, pudiendo aplicar la neuromodulaci\u00f3n en campos como la psiquiatr\u00eda, psicolog\u00eda, fisiolog\u00eda, traumatolog\u00eda, etc.<\/p><\/div><\/div><\/div><p>El problema de la neuromodulaci\u00f3n hasta hace poco es que era invasiva.<\/p><p>Implicaba desde la ablaci\u00f3n en el sistema nervioso hasta medicamentos muy fuertes.<\/p>\t\t\t\t\t\t\t\t<\/div>\n\t\t\t\t<\/div>\n\t\t\t\t\t<\/div>\n\t\t\t\t<\/div>\n\t\t<div class=\"elementor-element elementor-element-82daf29 e-flex e-con-boxed e-con e-parent\" data-id=\"82daf29\" data-element_type=\"container\" data-e-type=\"container\" data-settings=\"{&quot;background_background&quot;:&quot;classic&quot;}\">\n\t\t\t\t\t<div class=\"e-con-inner\">\n\t\t\t\t<div class=\"elementor-element elementor-element-13a5b523 elementor-widget elementor-widget-heading\" data-id=\"13a5b523\" data-element_type=\"widget\" data-e-type=\"widget\" data-widget_type=\"heading.default\">\n\t\t\t\t<div class=\"elementor-widget-container\">\n\t\t\t\t\t<h2 class=\"elementor-heading-title elementor-size-default\">Beneficio de la NESA<\/h2>\t\t\t\t<\/div>\n\t\t\t\t<\/div>\n\t\t\t\t<div class=\"elementor-element elementor-element-7ee2450 elementor-position-inline-start elementor-view-default elementor-mobile-position-block-start elementor-widget elementor-widget-icon-box\" data-id=\"7ee2450\" data-element_type=\"widget\" data-e-type=\"widget\" data-widget_type=\"icon-box.default\">\n\t\t\t\t<div class=\"elementor-widget-container\">\n\t\t\t\t\t\t\t<div class=\"elementor-icon-box-wrapper\">\n\n\t\t\t\t\t\t<div class=\"elementor-icon-box-icon\">\n\t\t\t\t<span  class=\"elementor-icon\">\n\t\t\t\t<i aria-hidden=\"true\" class=\"fas fa-check\"><\/i>\t\t\t\t<\/span>\n\t\t\t<\/div>\n\t\t\t\n\t\t\t\t\t\t<div class=\"elementor-icon-box-content\">\n\n\t\t\t\t\t\t\t\t\t<h3 class=\"elementor-icon-box-title\">\n\t\t\t\t\t\t<span  >\n\t\t\t\t\t\t\tAlivio del dolor\t\t\t\t\t\t<\/span>\n\t\t\t\t\t<\/h3>\n\t\t\t\t\n\t\t\t\t\t\t\t\t\t<p class=\"elementor-icon-box-description\">\n\t\t\t\t\t\tReduce el dolor cr\u00f3nico y agudo (lesiones, neuropat\u00edas, dolor muscular, etc.) sin necesidad de medicaci\u00f3n agresiva.\t\t\t\t\t<\/p>\n\t\t\t\t\n\t\t\t<\/div>\n\t\t\t\n\t\t<\/div>\n\t\t\t\t\t\t<\/div>\n\t\t\t\t<\/div>\n\t\t\t\t<div class=\"elementor-element elementor-element-69f157a elementor-position-inline-start elementor-view-default elementor-mobile-position-block-start elementor-widget elementor-widget-icon-box\" data-id=\"69f157a\" data-element_type=\"widget\" data-e-type=\"widget\" data-widget_type=\"icon-box.default\">\n\t\t\t\t<div class=\"elementor-widget-container\">\n\t\t\t\t\t\t\t<div class=\"elementor-icon-box-wrapper\">\n\n\t\t\t\t\t\t<div class=\"elementor-icon-box-icon\">\n\t\t\t\t<span  class=\"elementor-icon\">\n\t\t\t\t<i aria-hidden=\"true\" class=\"fas fa-check\"><\/i>\t\t\t\t<\/span>\n\t\t\t<\/div>\n\t\t\t\n\t\t\t\t\t\t<div class=\"elementor-icon-box-content\">\n\n\t\t\t\t\t\t\t\t\t<h3 class=\"elementor-icon-box-title\">\n\t\t\t\t\t\t<span  >\n\t\t\t\t\t\t\tTratamiento no invasivo\t\t\t\t\t\t<\/span>\n\t\t\t\t\t<\/h3>\n\t\t\t\t\n\t\t\t\t\t\t\t\t\t<p class=\"elementor-icon-box-description\">\n\t\t\t\t\t\tNo requiere cirug\u00eda ni procedimientos agresivos. Es seguro, c\u00f3modo y bien tolerado.\t\t\t\t\t<\/p>\n\t\t\t\t\n\t\t\t<\/div>\n\t\t\t\n\t\t<\/div>\n\t\t\t\t\t\t<\/div>\n\t\t\t\t<\/div>\n\t\t\t\t<div class=\"elementor-element elementor-element-34e1f2d elementor-position-inline-start elementor-view-default elementor-mobile-position-block-start elementor-widget elementor-widget-icon-box\" data-id=\"34e1f2d\" data-element_type=\"widget\" data-e-type=\"widget\" data-widget_type=\"icon-box.default\">\n\t\t\t\t<div class=\"elementor-widget-container\">\n\t\t\t\t\t\t\t<div class=\"elementor-icon-box-wrapper\">\n\n\t\t\t\t\t\t<div class=\"elementor-icon-box-icon\">\n\t\t\t\t<span  class=\"elementor-icon\">\n\t\t\t\t<i aria-hidden=\"true\" class=\"fas fa-check\"><\/i>\t\t\t\t<\/span>\n\t\t\t<\/div>\n\t\t\t\n\t\t\t\t\t\t<div class=\"elementor-icon-box-content\">\n\n\t\t\t\t\t\t\t\t\t<h3 class=\"elementor-icon-box-title\">\n\t\t\t\t\t\t<span  >\n\t\t\t\t\t\t\tMejora del sistema nervioso\t\t\t\t\t\t<\/span>\n\t\t\t\t\t<\/h3>\n\t\t\t\t\n\t\t\t\t\t\t\t\t\t<p class=\"elementor-icon-box-description\">\n\t\t\t\t\t\tRegula la actividad del sistema nervioso central y perif\u00e9rico, ayudando a equilibrar funciones del cuerpo.\t\t\t\t\t<\/p>\n\t\t\t\t\n\t\t\t<\/div>\n\t\t\t\n\t\t<\/div>\n\t\t\t\t\t\t<\/div>\n\t\t\t\t<\/div>\n\t\t\t\t<div class=\"elementor-element elementor-element-50e000e elementor-position-inline-start elementor-view-default elementor-mobile-position-block-start elementor-widget elementor-widget-icon-box\" data-id=\"50e000e\" data-element_type=\"widget\" data-e-type=\"widget\" data-widget_type=\"icon-box.default\">\n\t\t\t\t<div class=\"elementor-widget-container\">\n\t\t\t\t\t\t\t<div class=\"elementor-icon-box-wrapper\">\n\n\t\t\t\t\t\t<div class=\"elementor-icon-box-icon\">\n\t\t\t\t<span  class=\"elementor-icon\">\n\t\t\t\t<i aria-hidden=\"true\" class=\"fas fa-check\"><\/i>\t\t\t\t<\/span>\n\t\t\t<\/div>\n\t\t\t\n\t\t\t\t\t\t<div class=\"elementor-icon-box-content\">\n\n\t\t\t\t\t\t\t\t\t<h3 class=\"elementor-icon-box-title\">\n\t\t\t\t\t\t<span  >\n\t\t\t\t\t\t\tEstimula la neurotransmisi\u00f3n\t\t\t\t\t\t<\/span>\n\t\t\t\t\t<\/h3>\n\t\t\t\t\n\t\t\t\t\t\t\t\t\t<p class=\"elementor-icon-box-description\">\n\t\t\t\t\t\tFavorece la comunicaci\u00f3n entre neuronas cuando los neurotransmisores no funcionan de forma \u00f3ptima\t\t\t\t\t<\/p>\n\t\t\t\t\n\t\t\t<\/div>\n\t\t\t\n\t\t<\/div>\n\t\t\t\t\t\t<\/div>\n\t\t\t\t<\/div>\n\t\t\t\t<div class=\"elementor-element elementor-element-cda2b24 elementor-position-inline-start elementor-view-default elementor-mobile-position-block-start elementor-widget elementor-widget-icon-box\" data-id=\"cda2b24\" data-element_type=\"widget\" data-e-type=\"widget\" data-widget_type=\"icon-box.default\">\n\t\t\t\t<div class=\"elementor-widget-container\">\n\t\t\t\t\t\t\t<div class=\"elementor-icon-box-wrapper\">\n\n\t\t\t\t\t\t<div class=\"elementor-icon-box-icon\">\n\t\t\t\t<span  class=\"elementor-icon\">\n\t\t\t\t<i aria-hidden=\"true\" class=\"fas fa-check\"><\/i>\t\t\t\t<\/span>\n\t\t\t<\/div>\n\t\t\t\n\t\t\t\t\t\t<div class=\"elementor-icon-box-content\">\n\n\t\t\t\t\t\t\t\t\t<h3 class=\"elementor-icon-box-title\">\n\t\t\t\t\t\t<span  >\n\t\t\t\t\t\t\tReducci\u00f3n del estr\u00e9s y la ansiedad\t\t\t\t\t\t<\/span>\n\t\t\t\t\t<\/h3>\n\t\t\t\t\n\t\t\t\t\t\t\t\t\t<p class=\"elementor-icon-box-description\">\n\t\t\t\t\t\tAyuda a relajar el sistema nervioso, mejorando el bienestar general.\t\t\t\t\t<\/p>\n\t\t\t\t\n\t\t\t<\/div>\n\t\t\t\n\t\t<\/div>\n\t\t\t\t\t\t<\/div>\n\t\t\t\t<\/div>\n\t\t\t\t<div class=\"elementor-element elementor-element-619fc2f elementor-position-inline-start elementor-view-default elementor-mobile-position-block-start elementor-widget elementor-widget-icon-box\" data-id=\"619fc2f\" data-element_type=\"widget\" data-e-type=\"widget\" data-widget_type=\"icon-box.default\">\n\t\t\t\t<div class=\"elementor-widget-container\">\n\t\t\t\t\t\t\t<div class=\"elementor-icon-box-wrapper\">\n\n\t\t\t\t\t\t<div class=\"elementor-icon-box-icon\">\n\t\t\t\t<span  class=\"elementor-icon\">\n\t\t\t\t<i aria-hidden=\"true\" class=\"fas fa-check\"><\/i>\t\t\t\t<\/span>\n\t\t\t<\/div>\n\t\t\t\n\t\t\t\t\t\t<div class=\"elementor-icon-box-content\">\n\n\t\t\t\t\t\t\t\t\t<h3 class=\"elementor-icon-box-title\">\n\t\t\t\t\t\t<span  >\n\t\t\t\t\t\t\tMejora del sue\u00f1o\t\t\t\t\t\t<\/span>\n\t\t\t\t\t<\/h3>\n\t\t\t\t\n\t\t\t\t\t\t\t\t\t<p class=\"elementor-icon-box-description\">\n\t\t\t\t\t\tRegula los ritmos del sistema nervioso, favoreciendo un descanso m\u00e1s profundo y reparador.\t\t\t\t\t<\/p>\n\t\t\t\t\n\t\t\t<\/div>\n\t\t\t\n\t\t<\/div>\n\t\t\t\t\t\t<\/div>\n\t\t\t\t<\/div>\n\t\t\t\t<div class=\"elementor-element elementor-element-a5f7605 elementor-position-inline-start elementor-view-default elementor-mobile-position-block-start elementor-widget elementor-widget-icon-box\" data-id=\"a5f7605\" data-element_type=\"widget\" data-e-type=\"widget\" data-widget_type=\"icon-box.default\">\n\t\t\t\t<div class=\"elementor-widget-container\">\n\t\t\t\t\t\t\t<div class=\"elementor-icon-box-wrapper\">\n\n\t\t\t\t\t\t<div class=\"elementor-icon-box-icon\">\n\t\t\t\t<span  class=\"elementor-icon\">\n\t\t\t\t<i aria-hidden=\"true\" class=\"fas fa-check\"><\/i>\t\t\t\t<\/span>\n\t\t\t<\/div>\n\t\t\t\n\t\t\t\t\t\t<div class=\"elementor-icon-box-content\">\n\n\t\t\t\t\t\t\t\t\t<h3 class=\"elementor-icon-box-title\">\n\t\t\t\t\t\t<span  >\n\t\t\t\t\t\t\tAcelera la recuperaci\u00f3n\t\t\t\t\t\t<\/span>\n\t\t\t\t\t<\/h3>\n\t\t\t\t\n\t\t\t\t\t\t\t\t\t<p class=\"elementor-icon-box-description\">\n\t\t\t\t\t\tApoya procesos de rehabilitaci\u00f3n en lesiones musculares, neurol\u00f3gicas o traumatol\u00f3gicas.\t\t\t\t\t<\/p>\n\t\t\t\t\n\t\t\t<\/div>\n\t\t\t\n\t\t<\/div>\n\t\t\t\t\t\t<\/div>\n\t\t\t\t<\/div>\n\t\t\t\t\t<\/div>\n\t\t\t\t<\/div>\n\t\t<div class=\"elementor-element elementor-element-665facd e-flex e-con-boxed e-con e-parent\" data-id=\"665facd\" data-element_type=\"container\" data-e-type=\"container\">\n\t\t\t\t\t<div class=\"e-con-inner\">\n\t\t\t\t\t<\/div>\n\t\t\t\t<\/div>\n\t\t\t\t<\/div>\n\t\t","protected":false},"excerpt":{"rendered":"<p>NESA es una t\u00e9cnica no invasiva que act\u00faa sobre el sistema nervioso para aliviar el dolor y mejorar el funcionamiento del organismo.<\/p>\n","protected":false},"author":1,"featured_media":988146,"parent":29,"menu_order":0,"comment_status":"closed","ping_status":"closed","template":"","meta":{"footnotes":""},"class_list":["post-31","page","type-page","status-publish","has-post-thumbnail","hentry"],"yoast_head":"<!-- This site is optimized with the Yoast SEO plugin v27.3 - https:\/\/yoast.com\/product\/yoast-seo-wordpress\/ -->\n<title>Nesa - Gonzalo Concejo<\/title>\n<meta name=\"description\" content=\"La NESA es unua t\u00e9cnica no invasiva que act\u00faa sobre el sistema nervioso para aliviar el dolor y mejorar el funcionamiento del organismo.\" \/>\n<meta name=\"robots\" content=\"index, follow, max-snippet:-1, max-image-preview:large, max-video-preview:-1\" \/>\n<link rel=\"canonical\" href=\"https:\/\/cranky-zhukovsky.91-134-70-247.plesk.page\/index.php\/servicios\/nesa-gijon\/\" \/>\n<meta property=\"og:locale\" content=\"es_ES\" \/>\n<meta property=\"og:type\" content=\"article\" \/>\n<meta property=\"og:title\" content=\"Nesa - Gonzalo Concejo\" \/>\n<meta property=\"og:description\" content=\"La NESA es unua t\u00e9cnica no invasiva que act\u00faa sobre el sistema nervioso para aliviar el dolor y mejorar el funcionamiento del organismo.\" \/>\n<meta property=\"og:url\" content=\"https:\/\/cranky-zhukovsky.91-134-70-247.plesk.page\/index.php\/servicios\/nesa-gijon\/\" \/>\n<meta property=\"og:site_name\" content=\"Gonzalo Concejo\" \/>\n<meta property=\"article:modified_time\" content=\"2026-04-08T11:36:14+00:00\" \/>\n<meta property=\"og:image\" content=\"https:\/\/cranky-zhukovsky.91-134-70-247.plesk.page\/wp-content\/uploads\/2026\/04\/nesa-1.webp\" \/>\n\t<meta property=\"og:image:width\" content=\"500\" \/>\n\t<meta property=\"og:image:height\" content=\"354\" \/>\n\t<meta property=\"og:image:type\" content=\"image\/webp\" \/>\n<meta name=\"twitter:card\" content=\"summary_large_image\" \/>\n<meta name=\"twitter:label1\" content=\"Tiempo de lectura\" \/>\n\t<meta name=\"twitter:data1\" content=\"1 minuto\" \/>\n<script type=\"application\/ld+json\" class=\"yoast-schema-graph\">{\"@context\":\"https:\\\/\\\/schema.org\",\"@graph\":[{\"@type\":\"WebPage\",\"@id\":\"https:\\\/\\\/cranky-zhukovsky.91-134-70-247.plesk.page\\\/index.php\\\/servicios\\\/nesa-gijon\\\/\",\"url\":\"https:\\\/\\\/cranky-zhukovsky.91-134-70-247.plesk.page\\\/index.php\\\/servicios\\\/nesa-gijon\\\/\",\"name\":\"Nesa - Gonzalo Concejo\",\"isPartOf\":{\"@id\":\"https:\\\/\\\/cranky-zhukovsky.91-134-70-247.plesk.page\\\/#website\"},\"primaryImageOfPage\":{\"@id\":\"https:\\\/\\\/cranky-zhukovsky.91-134-70-247.plesk.page\\\/index.php\\\/servicios\\\/nesa-gijon\\\/#primaryimage\"},\"image\":{\"@id\":\"https:\\\/\\\/cranky-zhukovsky.91-134-70-247.plesk.page\\\/index.php\\\/servicios\\\/nesa-gijon\\\/#primaryimage\"},\"thumbnailUrl\":\"https:\\\/\\\/cranky-zhukovsky.91-134-70-247.plesk.page\\\/wp-content\\\/uploads\\\/2026\\\/04\\\/nesa-1.webp\",\"datePublished\":\"2025-09-03T08:28:44+00:00\",\"dateModified\":\"2026-04-08T11:36:14+00:00\",\"description\":\"La NESA es unua t\u00e9cnica no invasiva que act\u00faa sobre el sistema nervioso para aliviar el dolor y mejorar el funcionamiento del organismo.\",\"breadcrumb\":{\"@id\":\"https:\\\/\\\/cranky-zhukovsky.91-134-70-247.plesk.page\\\/index.php\\\/servicios\\\/nesa-gijon\\\/#breadcrumb\"},\"inLanguage\":\"es\",\"potentialAction\":[{\"@type\":\"ReadAction\",\"target\":[\"https:\\\/\\\/cranky-zhukovsky.91-134-70-247.plesk.page\\\/index.php\\\/servicios\\\/nesa-gijon\\\/\"]}]},{\"@type\":\"ImageObject\",\"inLanguage\":\"es\",\"@id\":\"https:\\\/\\\/cranky-zhukovsky.91-134-70-247.plesk.page\\\/index.php\\\/servicios\\\/nesa-gijon\\\/#primaryimage\",\"url\":\"https:\\\/\\\/cranky-zhukovsky.91-134-70-247.plesk.page\\\/wp-content\\\/uploads\\\/2026\\\/04\\\/nesa-1.webp\",\"contentUrl\":\"https:\\\/\\\/cranky-zhukovsky.91-134-70-247.plesk.page\\\/wp-content\\\/uploads\\\/2026\\\/04\\\/nesa-1.webp\",\"width\":500,\"height\":354,\"caption\":\"nesa\"},{\"@type\":\"BreadcrumbList\",\"@id\":\"https:\\\/\\\/cranky-zhukovsky.91-134-70-247.plesk.page\\\/index.php\\\/servicios\\\/nesa-gijon\\\/#breadcrumb\",\"itemListElement\":[{\"@type\":\"ListItem\",\"position\":1,\"name\":\"Portada\",\"item\":\"https:\\\/\\\/cranky-zhukovsky.91-134-70-247.plesk.page\\\/\"},{\"@type\":\"ListItem\",\"position\":2,\"name\":\"Servicios\",\"item\":\"https:\\\/\\\/cranky-zhukovsky.91-134-70-247.plesk.page\\\/index.php\\\/servicios\\\/\"},{\"@type\":\"ListItem\",\"position\":3,\"name\":\"Nesa\"}]},{\"@type\":\"WebSite\",\"@id\":\"https:\\\/\\\/cranky-zhukovsky.91-134-70-247.plesk.page\\\/#website\",\"url\":\"https:\\\/\\\/cranky-zhukovsky.91-134-70-247.plesk.page\\\/\",\"name\":\"Gonzalo Concejo\",\"description\":\"Cl\u00ednica de Fisioterapia\",\"publisher\":{\"@id\":\"https:\\\/\\\/cranky-zhukovsky.91-134-70-247.plesk.page\\\/#organization\"},\"potentialAction\":[{\"@type\":\"SearchAction\",\"target\":{\"@type\":\"EntryPoint\",\"urlTemplate\":\"https:\\\/\\\/cranky-zhukovsky.91-134-70-247.plesk.page\\\/?s={search_term_string}\"},\"query-input\":{\"@type\":\"PropertyValueSpecification\",\"valueRequired\":true,\"valueName\":\"search_term_string\"}}],\"inLanguage\":\"es\"},{\"@type\":\"Organization\",\"@id\":\"https:\\\/\\\/cranky-zhukovsky.91-134-70-247.plesk.page\\\/#organization\",\"name\":\"Gonzalo Concejo\",\"url\":\"https:\\\/\\\/cranky-zhukovsky.91-134-70-247.plesk.page\\\/\",\"logo\":{\"@type\":\"ImageObject\",\"inLanguage\":\"es\",\"@id\":\"https:\\\/\\\/cranky-zhukovsky.91-134-70-247.plesk.page\\\/#\\\/schema\\\/logo\\\/image\\\/\",\"url\":\"https:\\\/\\\/cranky-zhukovsky.91-134-70-247.plesk.page\\\/wp-content\\\/uploads\\\/2026\\\/03\\\/cropped-logo-gonzalo-concejo.png\",\"contentUrl\":\"https:\\\/\\\/cranky-zhukovsky.91-134-70-247.plesk.page\\\/wp-content\\\/uploads\\\/2026\\\/03\\\/cropped-logo-gonzalo-concejo.png\",\"width\":346,\"height\":81,\"caption\":\"Gonzalo Concejo\"},\"image\":{\"@id\":\"https:\\\/\\\/cranky-zhukovsky.91-134-70-247.plesk.page\\\/#\\\/schema\\\/logo\\\/image\\\/\"}}]}<\/script>\n<!-- \/ Yoast SEO plugin. -->","yoast_head_json":{"title":"Nesa - Gonzalo Concejo","description":"La NESA es unua t\u00e9cnica no invasiva que act\u00faa sobre el sistema nervioso para aliviar el dolor y mejorar el funcionamiento del organismo.","robots":{"index":"index","follow":"follow","max-snippet":"max-snippet:-1","max-image-preview":"max-image-preview:large","max-video-preview":"max-video-preview:-1"},"canonical":"https:\/\/cranky-zhukovsky.91-134-70-247.plesk.page\/index.php\/servicios\/nesa-gijon\/","og_locale":"es_ES","og_type":"article","og_title":"Nesa - Gonzalo Concejo","og_description":"La NESA es unua t\u00e9cnica no invasiva que act\u00faa sobre el sistema nervioso para aliviar el dolor y mejorar el funcionamiento del organismo.","og_url":"https:\/\/cranky-zhukovsky.91-134-70-247.plesk.page\/index.php\/servicios\/nesa-gijon\/","og_site_name":"Gonzalo Concejo","article_modified_time":"2026-04-08T11:36:14+00:00","og_image":[{"width":500,"height":354,"url":"https:\/\/cranky-zhukovsky.91-134-70-247.plesk.page\/wp-content\/uploads\/2026\/04\/nesa-1.webp","type":"image\/webp"}],"twitter_card":"summary_large_image","twitter_misc":{"Tiempo de lectura":"1 minuto"},"schema":{"@context":"https:\/\/schema.org","@graph":[{"@type":"WebPage","@id":"https:\/\/cranky-zhukovsky.91-134-70-247.plesk.page\/index.php\/servicios\/nesa-gijon\/","url":"https:\/\/cranky-zhukovsky.91-134-70-247.plesk.page\/index.php\/servicios\/nesa-gijon\/","name":"Nesa - Gonzalo Concejo","isPartOf":{"@id":"https:\/\/cranky-zhukovsky.91-134-70-247.plesk.page\/#website"},"primaryImageOfPage":{"@id":"https:\/\/cranky-zhukovsky.91-134-70-247.plesk.page\/index.php\/servicios\/nesa-gijon\/#primaryimage"},"image":{"@id":"https:\/\/cranky-zhukovsky.91-134-70-247.plesk.page\/index.php\/servicios\/nesa-gijon\/#primaryimage"},"thumbnailUrl":"https:\/\/cranky-zhukovsky.91-134-70-247.plesk.page\/wp-content\/uploads\/2026\/04\/nesa-1.webp","datePublished":"2025-09-03T08:28:44+00:00","dateModified":"2026-04-08T11:36:14+00:00","description":"La NESA es unua t\u00e9cnica no invasiva que act\u00faa sobre el sistema nervioso para aliviar el dolor y mejorar el funcionamiento del organismo.","breadcrumb":{"@id":"https:\/\/cranky-zhukovsky.91-134-70-247.plesk.page\/index.php\/servicios\/nesa-gijon\/#breadcrumb"},"inLanguage":"es","potentialAction":[{"@type":"ReadAction","target":["https:\/\/cranky-zhukovsky.91-134-70-247.plesk.page\/index.php\/servicios\/nesa-gijon\/"]}]},{"@type":"ImageObject","inLanguage":"es","@id":"https:\/\/cranky-zhukovsky.91-134-70-247.plesk.page\/index.php\/servicios\/nesa-gijon\/#primaryimage","url":"https:\/\/cranky-zhukovsky.91-134-70-247.plesk.page\/wp-content\/uploads\/2026\/04\/nesa-1.webp","contentUrl":"https:\/\/cranky-zhukovsky.91-134-70-247.plesk.page\/wp-content\/uploads\/2026\/04\/nesa-1.webp","width":500,"height":354,"caption":"nesa"},{"@type":"BreadcrumbList","@id":"https:\/\/cranky-zhukovsky.91-134-70-247.plesk.page\/index.php\/servicios\/nesa-gijon\/#breadcrumb","itemListElement":[{"@type":"ListItem","position":1,"name":"Portada","item":"https:\/\/cranky-zhukovsky.91-134-70-247.plesk.page\/"},{"@type":"ListItem","position":2,"name":"Servicios","item":"https:\/\/cranky-zhukovsky.91-134-70-247.plesk.page\/index.php\/servicios\/"},{"@type":"ListItem","position":3,"name":"Nesa"}]},{"@type":"WebSite","@id":"https:\/\/cranky-zhukovsky.91-134-70-247.plesk.page\/#website","url":"https:\/\/cranky-zhukovsky.91-134-70-247.plesk.page\/","name":"Gonzalo Concejo","description":"Cl\u00ednica de Fisioterapia","publisher":{"@id":"https:\/\/cranky-zhukovsky.91-134-70-247.plesk.page\/#organization"},"potentialAction":[{"@type":"SearchAction","target":{"@type":"EntryPoint","urlTemplate":"https:\/\/cranky-zhukovsky.91-134-70-247.plesk.page\/?s={search_term_string}"},"query-input":{"@type":"PropertyValueSpecification","valueRequired":true,"valueName":"search_term_string"}}],"inLanguage":"es"},{"@type":"Organization","@id":"https:\/\/cranky-zhukovsky.91-134-70-247.plesk.page\/#organization","name":"Gonzalo Concejo","url":"https:\/\/cranky-zhukovsky.91-134-70-247.plesk.page\/","logo":{"@type":"ImageObject","inLanguage":"es","@id":"https:\/\/cranky-zhukovsky.91-134-70-247.plesk.page\/#\/schema\/logo\/image\/","url":"https:\/\/cranky-zhukovsky.91-134-70-247.plesk.page\/wp-content\/uploads\/2026\/03\/cropped-logo-gonzalo-concejo.png","contentUrl":"https:\/\/cranky-zhukovsky.91-134-70-247.plesk.page\/wp-content\/uploads\/2026\/03\/cropped-logo-gonzalo-concejo.png","width":346,"height":81,"caption":"Gonzalo Concejo"},"image":{"@id":"https:\/\/cranky-zhukovsky.91-134-70-247.plesk.page\/#\/schema\/logo\/image\/"}}]}},"_links":{"self":[{"href":"https:\/\/cranky-zhukovsky.91-134-70-247.plesk.page\/index.php\/wp-json\/wp\/v2\/pages\/31","targetHints":{"allow":["GET"]}}],"collection":[{"href":"https:\/\/cranky-zhukovsky.91-134-70-247.plesk.page\/index.php\/wp-json\/wp\/v2\/pages"}],"about":[{"href":"https:\/\/cranky-zhukovsky.91-134-70-247.plesk.page\/index.php\/wp-json\/wp\/v2\/types\/page"}],"author":[{"embeddable":true,"href":"https:\/\/cranky-zhukovsky.91-134-70-247.plesk.page\/index.php\/wp-json\/wp\/v2\/users\/1"}],"replies":[{"embeddable":true,"href":"https:\/\/cranky-zhukovsky.91-134-70-247.plesk.page\/index.php\/wp-json\/wp\/v2\/comments?post=31"}],"version-history":[{"count":36,"href":"https:\/\/cranky-zhukovsky.91-134-70-247.plesk.page\/index.php\/wp-json\/wp\/v2\/pages\/31\/revisions"}],"predecessor-version":[{"id":988199,"href":"https:\/\/cranky-zhukovsky.91-134-70-247.plesk.page\/index.php\/wp-json\/wp\/v2\/pages\/31\/revisions\/988199"}],"up":[{"embeddable":true,"href":"https:\/\/cranky-zhukovsky.91-134-70-247.plesk.page\/index.php\/wp-json\/wp\/v2\/pages\/29"}],"wp:featuredmedia":[{"embeddable":true,"href":"https:\/\/cranky-zhukovsky.91-134-70-247.plesk.page\/index.php\/wp-json\/wp\/v2\/media\/988146"}],"wp:attachment":[{"href":"https:\/\/cranky-zhukovsky.91-134-70-247.plesk.page\/index.php\/wp-json\/wp\/v2\/media?parent=31"}],"curies":[{"name":"wp","href":"https:\/\/api.w.org\/{rel}","templated":true}]}}