{"id":3587,"date":"2025-09-24T10:05:17","date_gmt":"2025-09-24T10:05:17","guid":{"rendered":"https:\/\/flexora.vamtam.com\/?page_id=3587"},"modified":"2026-04-13T14:29:30","modified_gmt":"2026-04-13T14:29:30","slug":"puncion-seca-gijon","status":"publish","type":"page","link":"https:\/\/cranky-zhukovsky.91-134-70-247.plesk.page\/index.php\/servicios\/puncion-seca-gijon\/","title":{"rendered":"Punci\u00f3n seca"},"content":{"rendered":"\t\t<div data-elementor-type=\"wp-page\" data-elementor-id=\"3587\" class=\"elementor elementor-3587\" data-elementor-post-type=\"page\">\n\t\t\t\t<div class=\"elementor-element elementor-element-9dba042 e-flex e-con-boxed e-con e-parent\" data-id=\"9dba042\" data-element_type=\"container\" data-e-type=\"container\">\n\t\t\t\t\t<div class=\"e-con-inner\">\n\t\t\t\t<div class=\"vamtam-has-theme-widget-styles elementor-element elementor-element-63dd24a elementor-widget elementor-widget-text-editor\" data-id=\"63dd24a\" data-element_type=\"widget\" data-e-type=\"widget\" data-widget_type=\"text-editor.default\">\n\t\t\t\t<div class=\"elementor-widget-container\">\n\t\t\t\t\t\t\t\t\tUtilizamos la punci\u00f3n seca como una herramienta eficaz dentro de un tratamiento completo y basado en evidencia.\t\t\t\t\t\t\t\t<\/div>\n\t\t\t\t<\/div>\n\t\t\t\t<div class=\"elementor-element elementor-element-797998e elementor-widget-divider--view-line elementor-widget elementor-widget-divider\" data-id=\"797998e\" data-element_type=\"widget\" data-e-type=\"widget\" data-widget_type=\"divider.default\">\n\t\t\t\t<div class=\"elementor-widget-container\">\n\t\t\t\t\t\t\t<div class=\"elementor-divider\">\n\t\t\t<span class=\"elementor-divider-separator\">\n\t\t\t\t\t\t<\/span>\n\t\t<\/div>\n\t\t\t\t\t\t<\/div>\n\t\t\t\t<\/div>\n\t\t\t\t<div class=\"elementor-element elementor-element-c269129 elementor-widget elementor-widget-heading\" data-id=\"c269129\" data-element_type=\"widget\" data-e-type=\"widget\" data-widget_type=\"heading.default\">\n\t\t\t\t<div class=\"elementor-widget-container\">\n\t\t\t\t\t<h2 class=\"elementor-heading-title elementor-size-default\">\u00bfQu\u00e9 es la Punci\u00f3n Seca y c\u00f3mo trabajamos?<\/h2>\t\t\t\t<\/div>\n\t\t\t\t<\/div>\n\t\t\t\t<div class=\"vamtam-has-theme-widget-styles elementor-element elementor-element-ffb1536 elementor-widget elementor-widget-text-editor\" data-id=\"ffb1536\" data-element_type=\"widget\" data-e-type=\"widget\" data-widget_type=\"text-editor.default\">\n\t\t\t\t<div class=\"elementor-widget-container\">\n\t\t\t\t\t\t\t\t\t<p>La punci\u00f3n seca es una t\u00e9cnica invasiva en la que se utiliza una aguja fina para tratar los puntos gatillo musculares, responsables de dolor y limitaci\u00f3n de movimiento.<\/p><p>El objetivo es:<\/p><p><strong>Disminuir la tensi\u00f3n muscular y modular el dolor<\/strong><\/p><p>Pero es importante entenderlo bien:<br \/><strong>No es pinchar por pinchar, ni una soluci\u00f3n aislada.<\/strong><\/p><p>En nuestra cl\u00ednica de fisioterapia en Gij\u00f3n, la punci\u00f3n seca forma parte de un enfoque m\u00e1s amplio:<\/p><ul><li>Valoraci\u00f3n individualizada para identificar el origen del problema<\/li><li>Aplicaci\u00f3n de punci\u00f3n seca en los puntos necesarios<\/li><li>Ejercicio terap\u00e9utico adaptado para mantener los cambios<\/li><li>Educaci\u00f3n para prevenir reca\u00eddas<\/li><\/ul><p>El objetivo no es solo aliviar moment\u00e1neamente, sino <strong>mejorar la funci\u00f3n muscular y evitar que el problema vuelva.<\/strong><\/p>\t\t\t\t\t\t\t\t<\/div>\n\t\t\t\t<\/div>\n\t\t\t\t\t<\/div>\n\t\t\t\t<\/div>\n\t\t<div class=\"elementor-element elementor-element-b5d56ce e-flex e-con-boxed e-con e-parent\" data-id=\"b5d56ce\" data-element_type=\"container\" data-e-type=\"container\" data-settings=\"{&quot;background_background&quot;:&quot;classic&quot;}\">\n\t\t\t\t\t<div class=\"e-con-inner\">\n\t\t\t\t<div class=\"elementor-element elementor-element-0164d10 elementor-widget elementor-widget-heading\" data-id=\"0164d10\" data-element_type=\"widget\" data-e-type=\"widget\" data-widget_type=\"heading.default\">\n\t\t\t\t<div class=\"elementor-widget-container\">\n\t\t\t\t\t<h2 class=\"elementor-heading-title elementor-size-default\">Beneficios de la Punci\u00f3n Seca<\/h2>\t\t\t\t<\/div>\n\t\t\t\t<\/div>\n\t\t\t\t<div class=\"vamtam-has-theme-widget-styles elementor-element elementor-element-3b4bdbd elementor-widget elementor-widget-text-editor\" data-id=\"3b4bdbd\" data-element_type=\"widget\" data-e-type=\"widget\" data-widget_type=\"text-editor.default\">\n\t\t\t\t<div class=\"elementor-widget-container\">\n\t\t\t\t\t\t\t\t\t<p>Integrada dentro de un tratamiento completo, puede ayudarte a:<\/p>\t\t\t\t\t\t\t\t<\/div>\n\t\t\t\t<\/div>\n\t\t\t\t<div class=\"elementor-element elementor-element-896ab35 elementor-position-inline-start elementor-mobile-position-inline-start elementor-view-default elementor-widget elementor-widget-icon-box\" data-id=\"896ab35\" data-element_type=\"widget\" data-e-type=\"widget\" data-widget_type=\"icon-box.default\">\n\t\t\t\t<div class=\"elementor-widget-container\">\n\t\t\t\t\t\t\t<div class=\"elementor-icon-box-wrapper\">\n\n\t\t\t\t\t\t<div class=\"elementor-icon-box-icon\">\n\t\t\t\t<span  class=\"elementor-icon\">\n\t\t\t\t<i aria-hidden=\"true\" class=\"fas fa-check\"><\/i>\t\t\t\t<\/span>\n\t\t\t<\/div>\n\t\t\t\n\t\t\t\t\t\t<div class=\"elementor-icon-box-content\">\n\n\t\t\t\t\t\t\t\t\t<h3 class=\"elementor-icon-box-title\">\n\t\t\t\t\t\t<span  >\n\t\t\t\t\t\t\tReducir el dolor muscular localizado\t\t\t\t\t\t<\/span>\n\t\t\t\t\t<\/h3>\n\t\t\t\t\n\t\t\t\t\n\t\t\t<\/div>\n\t\t\t\n\t\t<\/div>\n\t\t\t\t\t\t<\/div>\n\t\t\t\t<\/div>\n\t\t\t\t<div class=\"elementor-element elementor-element-dd3cbee elementor-position-inline-start elementor-mobile-position-inline-start elementor-view-default elementor-widget elementor-widget-icon-box\" data-id=\"dd3cbee\" data-element_type=\"widget\" data-e-type=\"widget\" data-widget_type=\"icon-box.default\">\n\t\t\t\t<div class=\"elementor-widget-container\">\n\t\t\t\t\t\t\t<div class=\"elementor-icon-box-wrapper\">\n\n\t\t\t\t\t\t<div class=\"elementor-icon-box-icon\">\n\t\t\t\t<span  class=\"elementor-icon\">\n\t\t\t\t<i aria-hidden=\"true\" class=\"fas fa-check\"><\/i>\t\t\t\t<\/span>\n\t\t\t<\/div>\n\t\t\t\n\t\t\t\t\t\t<div class=\"elementor-icon-box-content\">\n\n\t\t\t\t\t\t\t\t\t<h3 class=\"elementor-icon-box-title\">\n\t\t\t\t\t\t<span  >\n\t\t\t\t\t\t\tDisminuir la tensi\u00f3n y las contracturas\t\t\t\t\t\t<\/span>\n\t\t\t\t\t<\/h3>\n\t\t\t\t\n\t\t\t\t\n\t\t\t<\/div>\n\t\t\t\n\t\t<\/div>\n\t\t\t\t\t\t<\/div>\n\t\t\t\t<\/div>\n\t\t\t\t<div class=\"elementor-element elementor-element-8607fe6 elementor-position-inline-start elementor-mobile-position-inline-start elementor-view-default elementor-widget elementor-widget-icon-box\" data-id=\"8607fe6\" data-element_type=\"widget\" data-e-type=\"widget\" data-widget_type=\"icon-box.default\">\n\t\t\t\t<div class=\"elementor-widget-container\">\n\t\t\t\t\t\t\t<div class=\"elementor-icon-box-wrapper\">\n\n\t\t\t\t\t\t<div class=\"elementor-icon-box-icon\">\n\t\t\t\t<span  class=\"elementor-icon\">\n\t\t\t\t<i aria-hidden=\"true\" class=\"fas fa-check\"><\/i>\t\t\t\t<\/span>\n\t\t\t<\/div>\n\t\t\t\n\t\t\t\t\t\t<div class=\"elementor-icon-box-content\">\n\n\t\t\t\t\t\t\t\t\t<h3 class=\"elementor-icon-box-title\">\n\t\t\t\t\t\t<span  >\n\t\t\t\t\t\t\tMejorar la movilidad y la funci\u00f3n muscular\t\t\t\t\t\t<\/span>\n\t\t\t\t\t<\/h3>\n\t\t\t\t\n\t\t\t\t\n\t\t\t<\/div>\n\t\t\t\n\t\t<\/div>\n\t\t\t\t\t\t<\/div>\n\t\t\t\t<\/div>\n\t\t\t\t<div class=\"elementor-element elementor-element-21b2472 elementor-position-inline-start elementor-mobile-position-inline-start elementor-view-default elementor-widget elementor-widget-icon-box\" data-id=\"21b2472\" data-element_type=\"widget\" data-e-type=\"widget\" data-widget_type=\"icon-box.default\">\n\t\t\t\t<div class=\"elementor-widget-container\">\n\t\t\t\t\t\t\t<div class=\"elementor-icon-box-wrapper\">\n\n\t\t\t\t\t\t<div class=\"elementor-icon-box-icon\">\n\t\t\t\t<span  class=\"elementor-icon\">\n\t\t\t\t<i aria-hidden=\"true\" class=\"fas fa-check\"><\/i>\t\t\t\t<\/span>\n\t\t\t<\/div>\n\t\t\t\n\t\t\t\t\t\t<div class=\"elementor-icon-box-content\">\n\n\t\t\t\t\t\t\t\t\t<h3 class=\"elementor-icon-box-title\">\n\t\t\t\t\t\t<span  >\n\t\t\t\t\t\t\tRecuperar sensaciones normales de movimiento\t\t\t\t\t\t<\/span>\n\t\t\t\t\t<\/h3>\n\t\t\t\t\n\t\t\t\t\n\t\t\t<\/div>\n\t\t\t\n\t\t<\/div>\n\t\t\t\t\t\t<\/div>\n\t\t\t\t<\/div>\n\t\t\t\t<div class=\"elementor-element elementor-element-dbea9d8 elementor-position-inline-start elementor-mobile-position-inline-start elementor-view-default elementor-widget elementor-widget-icon-box\" data-id=\"dbea9d8\" data-element_type=\"widget\" data-e-type=\"widget\" data-widget_type=\"icon-box.default\">\n\t\t\t\t<div class=\"elementor-widget-container\">\n\t\t\t\t\t\t\t<div class=\"elementor-icon-box-wrapper\">\n\n\t\t\t\t\t\t<div class=\"elementor-icon-box-icon\">\n\t\t\t\t<span  class=\"elementor-icon\">\n\t\t\t\t<i aria-hidden=\"true\" class=\"fas fa-check\"><\/i>\t\t\t\t<\/span>\n\t\t\t<\/div>\n\t\t\t\n\t\t\t\t\t\t<div class=\"elementor-icon-box-content\">\n\n\t\t\t\t\t\t\t\t\t<h3 class=\"elementor-icon-box-title\">\n\t\t\t\t\t\t<span  >\n\t\t\t\t\t\t\tComplementar el tratamiento activo\t\t\t\t\t\t<\/span>\n\t\t\t\t\t<\/h3>\n\t\t\t\t\n\t\t\t\t\n\t\t\t<\/div>\n\t\t\t\n\t\t<\/div>\n\t\t\t\t\t\t<\/div>\n\t\t\t\t<\/div>\n\t\t\t\t\t<\/div>\n\t\t\t\t<\/div>\n\t\t<div class=\"elementor-element elementor-element-ee99530 e-flex e-con-boxed e-con e-parent\" data-id=\"ee99530\" data-element_type=\"container\" data-e-type=\"container\">\n\t\t\t\t\t<div class=\"e-con-inner\">\n\t\t\t\t<div class=\"elementor-element elementor-element-0a65c11 elementor-widget elementor-widget-heading\" data-id=\"0a65c11\" data-element_type=\"widget\" data-e-type=\"widget\" data-widget_type=\"heading.default\">\n\t\t\t\t<div class=\"elementor-widget-container\">\n\t\t\t\t\t<h2 class=\"elementor-heading-title elementor-size-default\">\u00bfPara qui\u00e9n est\u00e1 indicada?<\/h2>\t\t\t\t<\/div>\n\t\t\t\t<\/div>\n\t\t\t\t<div class=\"vamtam-has-theme-widget-styles elementor-element elementor-element-19cbfde elementor-widget elementor-widget-text-editor\" data-id=\"19cbfde\" data-element_type=\"widget\" data-e-type=\"widget\" data-widget_type=\"text-editor.default\">\n\t\t\t\t<div class=\"elementor-widget-container\">\n\t\t\t\t\t\t\t\t\t<p>La punci\u00f3n seca puede ser \u00fatil si presentas:<\/p><ul><li>Contracturas musculares persistentes<\/li><li>Dolor de cuello o espalda<\/li><li>Dolor miofascial<\/li><li>Sobrecargas por deporte o trabajo<\/li><li>Limitaci\u00f3n de movimiento por tensi\u00f3n muscular<\/li><li>Dolor referido (dolor que se irradia desde un punto)<\/li><\/ul><p>Si buscas una <strong>cl\u00ednica de fisioterapia en Gij\u00f3n <\/strong>donde se combine precisi\u00f3n t\u00e9cnica con un enfoque profesional y cercano, este tratamiento puede encajar contigo.<\/p>\t\t\t\t\t\t\t\t<\/div>\n\t\t\t\t<\/div>\n\t\t\t\t\t<\/div>\n\t\t\t\t<\/div>\n\t\t\t\t<\/div>\n\t\t","protected":false},"excerpt":{"rendered":"<p>T\u00e9cnica de fisioterapia con agujas que elimina nudos musculares y contracturas de forma directa para aliviar el dolor y recuperar la movilidad al instante.<\/p>\n","protected":false},"author":1,"featured_media":988305,"parent":29,"menu_order":0,"comment_status":"closed","ping_status":"closed","template":"","meta":{"footnotes":""},"class_list":["post-3587","page","type-page","status-publish","has-post-thumbnail","hentry"],"yoast_head":"<!-- This site is optimized with the Yoast SEO plugin v27.3 - https:\/\/yoast.com\/product\/yoast-seo-wordpress\/ -->\n<title>Punci\u00f3n seca en Gij\u00f3n - Gonzalo Concejo<\/title>\n<meta name=\"description\" content=\"Punci\u00f3n seca en Gij\u00f3n para contracturas y dolor muscular. Tratamiento eficaz con enfoque basado en evidencia. Reserva tu cita hoy.\" \/>\n<meta name=\"robots\" content=\"index, follow, max-snippet:-1, max-image-preview:large, max-video-preview:-1\" \/>\n<link rel=\"canonical\" href=\"https:\/\/cranky-zhukovsky.91-134-70-247.plesk.page\/index.php\/servicios\/puncion-seca-gijon\/\" \/>\n<meta property=\"og:locale\" content=\"es_ES\" \/>\n<meta property=\"og:type\" content=\"article\" \/>\n<meta property=\"og:title\" content=\"Punci\u00f3n seca en Gij\u00f3n - Gonzalo Concejo\" \/>\n<meta property=\"og:description\" content=\"Punci\u00f3n seca en Gij\u00f3n para contracturas y dolor muscular. Tratamiento eficaz con enfoque basado en evidencia. Reserva tu cita hoy.\" \/>\n<meta property=\"og:url\" content=\"https:\/\/cranky-zhukovsky.91-134-70-247.plesk.page\/index.php\/servicios\/puncion-seca-gijon\/\" \/>\n<meta property=\"og:site_name\" content=\"Gonzalo Concejo\" \/>\n<meta property=\"article:modified_time\" content=\"2026-04-13T14:29:30+00:00\" \/>\n<meta property=\"og:image\" content=\"https:\/\/cranky-zhukovsky.91-134-70-247.plesk.page\/wp-content\/uploads\/2026\/04\/Puncion-Seca.webp\" \/>\n\t<meta property=\"og:image:width\" content=\"500\" \/>\n\t<meta property=\"og:image:height\" content=\"354\" \/>\n\t<meta property=\"og:image:type\" content=\"image\/webp\" \/>\n<meta name=\"twitter:card\" content=\"summary_large_image\" \/>\n<meta name=\"twitter:label1\" content=\"Tiempo de lectura\" \/>\n\t<meta name=\"twitter:data1\" content=\"2 minutos\" \/>\n<script type=\"application\/ld+json\" class=\"yoast-schema-graph\">{\"@context\":\"https:\\\/\\\/schema.org\",\"@graph\":[{\"@type\":\"WebPage\",\"@id\":\"https:\\\/\\\/cranky-zhukovsky.91-134-70-247.plesk.page\\\/index.php\\\/servicios\\\/puncion-seca-gijon\\\/\",\"url\":\"https:\\\/\\\/cranky-zhukovsky.91-134-70-247.plesk.page\\\/index.php\\\/servicios\\\/puncion-seca-gijon\\\/\",\"name\":\"Punci\u00f3n seca en Gij\u00f3n - Gonzalo Concejo\",\"isPartOf\":{\"@id\":\"https:\\\/\\\/cranky-zhukovsky.91-134-70-247.plesk.page\\\/#website\"},\"primaryImageOfPage\":{\"@id\":\"https:\\\/\\\/cranky-zhukovsky.91-134-70-247.plesk.page\\\/index.php\\\/servicios\\\/puncion-seca-gijon\\\/#primaryimage\"},\"image\":{\"@id\":\"https:\\\/\\\/cranky-zhukovsky.91-134-70-247.plesk.page\\\/index.php\\\/servicios\\\/puncion-seca-gijon\\\/#primaryimage\"},\"thumbnailUrl\":\"https:\\\/\\\/cranky-zhukovsky.91-134-70-247.plesk.page\\\/wp-content\\\/uploads\\\/2026\\\/04\\\/Puncion-Seca.webp\",\"datePublished\":\"2025-09-24T10:05:17+00:00\",\"dateModified\":\"2026-04-13T14:29:30+00:00\",\"description\":\"Punci\u00f3n seca en Gij\u00f3n para contracturas y dolor muscular. Tratamiento eficaz con enfoque basado en evidencia. Reserva tu cita hoy.\",\"breadcrumb\":{\"@id\":\"https:\\\/\\\/cranky-zhukovsky.91-134-70-247.plesk.page\\\/index.php\\\/servicios\\\/puncion-seca-gijon\\\/#breadcrumb\"},\"inLanguage\":\"es\",\"potentialAction\":[{\"@type\":\"ReadAction\",\"target\":[\"https:\\\/\\\/cranky-zhukovsky.91-134-70-247.plesk.page\\\/index.php\\\/servicios\\\/puncion-seca-gijon\\\/\"]}]},{\"@type\":\"ImageObject\",\"inLanguage\":\"es\",\"@id\":\"https:\\\/\\\/cranky-zhukovsky.91-134-70-247.plesk.page\\\/index.php\\\/servicios\\\/puncion-seca-gijon\\\/#primaryimage\",\"url\":\"https:\\\/\\\/cranky-zhukovsky.91-134-70-247.plesk.page\\\/wp-content\\\/uploads\\\/2026\\\/04\\\/Puncion-Seca.webp\",\"contentUrl\":\"https:\\\/\\\/cranky-zhukovsky.91-134-70-247.plesk.page\\\/wp-content\\\/uploads\\\/2026\\\/04\\\/Puncion-Seca.webp\",\"width\":500,\"height\":354,\"caption\":\"Punci\u00f3n Seca\"},{\"@type\":\"BreadcrumbList\",\"@id\":\"https:\\\/\\\/cranky-zhukovsky.91-134-70-247.plesk.page\\\/index.php\\\/servicios\\\/puncion-seca-gijon\\\/#breadcrumb\",\"itemListElement\":[{\"@type\":\"ListItem\",\"position\":1,\"name\":\"Portada\",\"item\":\"https:\\\/\\\/cranky-zhukovsky.91-134-70-247.plesk.page\\\/\"},{\"@type\":\"ListItem\",\"position\":2,\"name\":\"Servicios\",\"item\":\"https:\\\/\\\/cranky-zhukovsky.91-134-70-247.plesk.page\\\/index.php\\\/servicios\\\/\"},{\"@type\":\"ListItem\",\"position\":3,\"name\":\"Punci\u00f3n seca\"}]},{\"@type\":\"WebSite\",\"@id\":\"https:\\\/\\\/cranky-zhukovsky.91-134-70-247.plesk.page\\\/#website\",\"url\":\"https:\\\/\\\/cranky-zhukovsky.91-134-70-247.plesk.page\\\/\",\"name\":\"Gonzalo Concejo\",\"description\":\"Cl\u00ednica de Fisioterapia\",\"publisher\":{\"@id\":\"https:\\\/\\\/cranky-zhukovsky.91-134-70-247.plesk.page\\\/#organization\"},\"potentialAction\":[{\"@type\":\"SearchAction\",\"target\":{\"@type\":\"EntryPoint\",\"urlTemplate\":\"https:\\\/\\\/cranky-zhukovsky.91-134-70-247.plesk.page\\\/?s={search_term_string}\"},\"query-input\":{\"@type\":\"PropertyValueSpecification\",\"valueRequired\":true,\"valueName\":\"search_term_string\"}}],\"inLanguage\":\"es\"},{\"@type\":\"Organization\",\"@id\":\"https:\\\/\\\/cranky-zhukovsky.91-134-70-247.plesk.page\\\/#organization\",\"name\":\"Gonzalo Concejo\",\"url\":\"https:\\\/\\\/cranky-zhukovsky.91-134-70-247.plesk.page\\\/\",\"logo\":{\"@type\":\"ImageObject\",\"inLanguage\":\"es\",\"@id\":\"https:\\\/\\\/cranky-zhukovsky.91-134-70-247.plesk.page\\\/#\\\/schema\\\/logo\\\/image\\\/\",\"url\":\"https:\\\/\\\/cranky-zhukovsky.91-134-70-247.plesk.page\\\/wp-content\\\/uploads\\\/2026\\\/03\\\/cropped-logo-gonzalo-concejo.png\",\"contentUrl\":\"https:\\\/\\\/cranky-zhukovsky.91-134-70-247.plesk.page\\\/wp-content\\\/uploads\\\/2026\\\/03\\\/cropped-logo-gonzalo-concejo.png\",\"width\":346,\"height\":81,\"caption\":\"Gonzalo Concejo\"},\"image\":{\"@id\":\"https:\\\/\\\/cranky-zhukovsky.91-134-70-247.plesk.page\\\/#\\\/schema\\\/logo\\\/image\\\/\"}}]}<\/script>\n<!-- \/ Yoast SEO plugin. -->","yoast_head_json":{"title":"Punci\u00f3n seca en Gij\u00f3n - Gonzalo Concejo","description":"Punci\u00f3n seca en Gij\u00f3n para contracturas y dolor muscular. Tratamiento eficaz con enfoque basado en evidencia. Reserva tu cita hoy.","robots":{"index":"index","follow":"follow","max-snippet":"max-snippet:-1","max-image-preview":"max-image-preview:large","max-video-preview":"max-video-preview:-1"},"canonical":"https:\/\/cranky-zhukovsky.91-134-70-247.plesk.page\/index.php\/servicios\/puncion-seca-gijon\/","og_locale":"es_ES","og_type":"article","og_title":"Punci\u00f3n seca en Gij\u00f3n - Gonzalo Concejo","og_description":"Punci\u00f3n seca en Gij\u00f3n para contracturas y dolor muscular. Tratamiento eficaz con enfoque basado en evidencia. Reserva tu cita hoy.","og_url":"https:\/\/cranky-zhukovsky.91-134-70-247.plesk.page\/index.php\/servicios\/puncion-seca-gijon\/","og_site_name":"Gonzalo Concejo","article_modified_time":"2026-04-13T14:29:30+00:00","og_image":[{"width":500,"height":354,"url":"https:\/\/cranky-zhukovsky.91-134-70-247.plesk.page\/wp-content\/uploads\/2026\/04\/Puncion-Seca.webp","type":"image\/webp"}],"twitter_card":"summary_large_image","twitter_misc":{"Tiempo de lectura":"2 minutos"},"schema":{"@context":"https:\/\/schema.org","@graph":[{"@type":"WebPage","@id":"https:\/\/cranky-zhukovsky.91-134-70-247.plesk.page\/index.php\/servicios\/puncion-seca-gijon\/","url":"https:\/\/cranky-zhukovsky.91-134-70-247.plesk.page\/index.php\/servicios\/puncion-seca-gijon\/","name":"Punci\u00f3n seca en Gij\u00f3n - Gonzalo Concejo","isPartOf":{"@id":"https:\/\/cranky-zhukovsky.91-134-70-247.plesk.page\/#website"},"primaryImageOfPage":{"@id":"https:\/\/cranky-zhukovsky.91-134-70-247.plesk.page\/index.php\/servicios\/puncion-seca-gijon\/#primaryimage"},"image":{"@id":"https:\/\/cranky-zhukovsky.91-134-70-247.plesk.page\/index.php\/servicios\/puncion-seca-gijon\/#primaryimage"},"thumbnailUrl":"https:\/\/cranky-zhukovsky.91-134-70-247.plesk.page\/wp-content\/uploads\/2026\/04\/Puncion-Seca.webp","datePublished":"2025-09-24T10:05:17+00:00","dateModified":"2026-04-13T14:29:30+00:00","description":"Punci\u00f3n seca en Gij\u00f3n para contracturas y dolor muscular. Tratamiento eficaz con enfoque basado en evidencia. Reserva tu cita hoy.","breadcrumb":{"@id":"https:\/\/cranky-zhukovsky.91-134-70-247.plesk.page\/index.php\/servicios\/puncion-seca-gijon\/#breadcrumb"},"inLanguage":"es","potentialAction":[{"@type":"ReadAction","target":["https:\/\/cranky-zhukovsky.91-134-70-247.plesk.page\/index.php\/servicios\/puncion-seca-gijon\/"]}]},{"@type":"ImageObject","inLanguage":"es","@id":"https:\/\/cranky-zhukovsky.91-134-70-247.plesk.page\/index.php\/servicios\/puncion-seca-gijon\/#primaryimage","url":"https:\/\/cranky-zhukovsky.91-134-70-247.plesk.page\/wp-content\/uploads\/2026\/04\/Puncion-Seca.webp","contentUrl":"https:\/\/cranky-zhukovsky.91-134-70-247.plesk.page\/wp-content\/uploads\/2026\/04\/Puncion-Seca.webp","width":500,"height":354,"caption":"Punci\u00f3n Seca"},{"@type":"BreadcrumbList","@id":"https:\/\/cranky-zhukovsky.91-134-70-247.plesk.page\/index.php\/servicios\/puncion-seca-gijon\/#breadcrumb","itemListElement":[{"@type":"ListItem","position":1,"name":"Portada","item":"https:\/\/cranky-zhukovsky.91-134-70-247.plesk.page\/"},{"@type":"ListItem","position":2,"name":"Servicios","item":"https:\/\/cranky-zhukovsky.91-134-70-247.plesk.page\/index.php\/servicios\/"},{"@type":"ListItem","position":3,"name":"Punci\u00f3n seca"}]},{"@type":"WebSite","@id":"https:\/\/cranky-zhukovsky.91-134-70-247.plesk.page\/#website","url":"https:\/\/cranky-zhukovsky.91-134-70-247.plesk.page\/","name":"Gonzalo Concejo","description":"Cl\u00ednica de Fisioterapia","publisher":{"@id":"https:\/\/cranky-zhukovsky.91-134-70-247.plesk.page\/#organization"},"potentialAction":[{"@type":"SearchAction","target":{"@type":"EntryPoint","urlTemplate":"https:\/\/cranky-zhukovsky.91-134-70-247.plesk.page\/?s={search_term_string}"},"query-input":{"@type":"PropertyValueSpecification","valueRequired":true,"valueName":"search_term_string"}}],"inLanguage":"es"},{"@type":"Organization","@id":"https:\/\/cranky-zhukovsky.91-134-70-247.plesk.page\/#organization","name":"Gonzalo Concejo","url":"https:\/\/cranky-zhukovsky.91-134-70-247.plesk.page\/","logo":{"@type":"ImageObject","inLanguage":"es","@id":"https:\/\/cranky-zhukovsky.91-134-70-247.plesk.page\/#\/schema\/logo\/image\/","url":"https:\/\/cranky-zhukovsky.91-134-70-247.plesk.page\/wp-content\/uploads\/2026\/03\/cropped-logo-gonzalo-concejo.png","contentUrl":"https:\/\/cranky-zhukovsky.91-134-70-247.plesk.page\/wp-content\/uploads\/2026\/03\/cropped-logo-gonzalo-concejo.png","width":346,"height":81,"caption":"Gonzalo Concejo"},"image":{"@id":"https:\/\/cranky-zhukovsky.91-134-70-247.plesk.page\/#\/schema\/logo\/image\/"}}]}},"_links":{"self":[{"href":"https:\/\/cranky-zhukovsky.91-134-70-247.plesk.page\/index.php\/wp-json\/wp\/v2\/pages\/3587","targetHints":{"allow":["GET"]}}],"collection":[{"href":"https:\/\/cranky-zhukovsky.91-134-70-247.plesk.page\/index.php\/wp-json\/wp\/v2\/pages"}],"about":[{"href":"https:\/\/cranky-zhukovsky.91-134-70-247.plesk.page\/index.php\/wp-json\/wp\/v2\/types\/page"}],"author":[{"embeddable":true,"href":"https:\/\/cranky-zhukovsky.91-134-70-247.plesk.page\/index.php\/wp-json\/wp\/v2\/users\/1"}],"replies":[{"embeddable":true,"href":"https:\/\/cranky-zhukovsky.91-134-70-247.plesk.page\/index.php\/wp-json\/wp\/v2\/comments?post=3587"}],"version-history":[{"count":13,"href":"https:\/\/cranky-zhukovsky.91-134-70-247.plesk.page\/index.php\/wp-json\/wp\/v2\/pages\/3587\/revisions"}],"predecessor-version":[{"id":988308,"href":"https:\/\/cranky-zhukovsky.91-134-70-247.plesk.page\/index.php\/wp-json\/wp\/v2\/pages\/3587\/revisions\/988308"}],"up":[{"embeddable":true,"href":"https:\/\/cranky-zhukovsky.91-134-70-247.plesk.page\/index.php\/wp-json\/wp\/v2\/pages\/29"}],"wp:featuredmedia":[{"embeddable":true,"href":"https:\/\/cranky-zhukovsky.91-134-70-247.plesk.page\/index.php\/wp-json\/wp\/v2\/media\/988305"}],"wp:attachment":[{"href":"https:\/\/cranky-zhukovsky.91-134-70-247.plesk.page\/index.php\/wp-json\/wp\/v2\/media?parent=3587"}],"curies":[{"name":"wp","href":"https:\/\/api.w.org\/{rel}","templated":true}]}}